{"id":176,"date":"2025-11-30T14:10:32","date_gmt":"2025-11-30T14:10:32","guid":{"rendered":"https:\/\/xn--zns-sdhessen-hlb.de\/?page_id=176"},"modified":"2025-11-30T14:12:15","modified_gmt":"2025-11-30T14:12:15","slug":"176-2","status":"publish","type":"page","link":"https:\/\/xn--zns-sdhessen-hlb.de\/?page_id=176","title":{"rendered":"Rechtliche Hinweise"},"content":{"rendered":"\n<style type=\"text\/css\" data-created_by=\"avia_inline_auto\" id=\"style-css-av-milsrx8t-049be27782027dfb5fb5763239cb6624\">\n#top .av-special-heading.av-milsrx8t-049be27782027dfb5fb5763239cb6624{\npadding-bottom:10px;\n}\nbody .av-special-heading.av-milsrx8t-049be27782027dfb5fb5763239cb6624 .av-special-heading-tag .heading-char{\nfont-size:25px;\n}\n.av-special-heading.av-milsrx8t-049be27782027dfb5fb5763239cb6624 .av-subheading{\nfont-size:15px;\n}\n<\/style>\n<div  class='av-special-heading av-milsrx8t-049be27782027dfb5fb5763239cb6624 av-special-heading-h1  avia-builder-el-0  el_before_av_hr  avia-builder-el-first '><h1 class='av-special-heading-tag '  itemprop=\"headline\"  >Rechtliche Hinweise<\/h1><div class=\"special-heading-border\"><div class=\"special-heading-inner-border\"><\/div><\/div><\/div>\n\n<style type=\"text\/css\" data-created_by=\"avia_inline_auto\" id=\"style-css-av-milss7nq-aa0f6a450afc8d14833c03e58b5fb4c1\">\n#top .hr.av-milss7nq-aa0f6a450afc8d14833c03e58b5fb4c1{\nmargin-top:30px;\nmargin-bottom:30px;\n}\n.hr.av-milss7nq-aa0f6a450afc8d14833c03e58b5fb4c1 .hr-inner{\nwidth:150px;\n}\n<\/style>\n<div  class='hr av-milss7nq-aa0f6a450afc8d14833c03e58b5fb4c1 hr-custom  avia-builder-el-1  el_after_av_heading  el_before_av_textblock  hr-center hr-icon-no'><span class='hr-inner inner-border-av-border-thin'><span class=\"hr-inner-style\"><\/span><\/span><\/div>\n\n<style type=\"text\/css\" data-created_by=\"avia_inline_auto\" id=\"style-css-av-milsria5-ff25dd6ddafc97f905fb5e781ee930d8\">\n#top .av_textblock_section.av-milsria5-ff25dd6ddafc97f905fb5e781ee930d8 .avia_textblock{\nfont-size:18px;\ncolor:#000000;\n}\n<\/style>\n<section  class='av_textblock_section av-milsria5-ff25dd6ddafc97f905fb5e781ee930d8 '   itemscope=\"itemscope\" itemtype=\"https:\/\/schema.org\/CreativeWork\" ><div class='avia_textblock av_inherit_color'  itemprop=\"text\" ><p><strong>Haftung f\u00fcr Inhalte<\/strong><\/p>\n<p>Die Inhalte unserer Seiten wurden mit gr\u00f6\u00dfter Sorgfalt erstellt. F\u00fcr die Richtigkeit, Vollst\u00e4ndigkeit und Aktualit\u00e4t der Inhalte k\u00f6nnen wir jedoch keine Gew\u00e4hr \u00fcbernehmen. Als Diensteanbieter sind wir gem\u00e4\u00df \u00a7 6 Abs.1 MStV und \u00a7 8 Abs.1 TMG f\u00fcr eigene Inhalte auf diesen Seiten nach den allgemeinen Gesetzen verantwortlich. Diensteanbieter sind jedoch nicht verpflichtet, die von ihnen \u00fcbermittelten oder gespeicherten fremden Informationen zu \u00fcberwachen oder nach Umst\u00e4nden zu forschen, die auf eine rechtswidrige T\u00e4tigkeit hinweisen. Verpflichtungen zur Entfernung oder Sperrung der Nutzung von Informationen nach den allgemeinen Gesetzen bleiben hiervon unber\u00fchrt. Eine diesbez\u00fcgliche Haftung ist jedoch erst ab dem Zeitpunkt der Kenntnis einer konkreten Rechtsverletzung m\u00f6glich. Bei Bekanntwerden von entsprechenden Rechtsverletzungen werden wir diese Inhalte umgehend entfernen.<\/p>\n<p><strong>Urheberrechtserkl\u00e4rung<\/strong><\/p>\n<p>Die Betreiber der Seiten sind bem\u00fcht, stets die Urheberrechte anderer zu beachten bzw. auf selbst erstellte sowie lizenzfreie Werke zur\u00fcckzugreifen. Die durch die Seitenbetreiber erstellten Inhalte und Werke auf diesen Seiten unterliegen dem deutschen Urheberrecht. Beitr\u00e4ge Dritter sind als solche gekennzeichnet. Die Vervielf\u00e4ltigung, Bearbeitung, Verbreitung und jede Art der Verwertung au\u00dferhalb der Grenzen des Urheberrechtes bed\u00fcrfen der schriftlichen Zustimmung des jeweiligen\u00a0 Autors bzw. Erstellers. Downloads und Kopien dieser Seite sind nur f\u00fcr den privaten, nicht kommerziellen Gebrauch gestattet.<\/p>\n<\/div><\/section>\n","protected":false},"excerpt":{"rendered":"","protected":false},"author":1,"featured_media":0,"parent":0,"menu_order":0,"comment_status":"closed","ping_status":"closed","template":"","meta":{"footnotes":""},"class_list":["post-176","page","type-page","status-publish","hentry"],"_links":{"self":[{"href":"https:\/\/xn--zns-sdhessen-hlb.de\/index.php?rest_route=\/wp\/v2\/pages\/176","targetHints":{"allow":["GET"]}}],"collection":[{"href":"https:\/\/xn--zns-sdhessen-hlb.de\/index.php?rest_route=\/wp\/v2\/pages"}],"about":[{"href":"https:\/\/xn--zns-sdhessen-hlb.de\/index.php?rest_route=\/wp\/v2\/types\/page"}],"author":[{"embeddable":true,"href":"https:\/\/xn--zns-sdhessen-hlb.de\/index.php?rest_route=\/wp\/v2\/users\/1"}],"replies":[{"embeddable":true,"href":"https:\/\/xn--zns-sdhessen-hlb.de\/index.php?rest_route=%2Fwp%2Fv2%2Fcomments&post=176"}],"version-history":[{"count":2,"href":"https:\/\/xn--zns-sdhessen-hlb.de\/index.php?rest_route=\/wp\/v2\/pages\/176\/revisions"}],"predecessor-version":[{"id":179,"href":"https:\/\/xn--zns-sdhessen-hlb.de\/index.php?rest_route=\/wp\/v2\/pages\/176\/revisions\/179"}],"wp:attachment":[{"href":"https:\/\/xn--zns-sdhessen-hlb.de\/index.php?rest_route=%2Fwp%2Fv2%2Fmedia&parent=176"}],"curies":[{"name":"wp","href":"https:\/\/api.w.org\/{rel}","templated":true}]}}