{"id":33,"date":"2025-11-30T09:47:13","date_gmt":"2025-11-30T09:47:13","guid":{"rendered":"https:\/\/xn--zns-sdhessen-hlb.de\/?page_id=33"},"modified":"2025-11-30T15:10:46","modified_gmt":"2025-11-30T15:10:46","slug":"impressum","status":"publish","type":"page","link":"https:\/\/xn--zns-sdhessen-hlb.de\/?page_id=33","title":{"rendered":"Impressum"},"content":{"rendered":"<div id='full_slider_1'  class='avia-fullwidth-slider main_color avia-shadow   avia-builder-el-0  el_before_av_hr  avia-builder-el-first   container_wrap fullsize'  ><div  class='avia-slideshow av-milnq8vn-7ec2a3db072297a4eb012aec002b0f09 avia-slideshow-featured av_slideshow_full avia-slide-slider av-slideshow-ui av-control-default av-slideshow-manual av-loop-once av-loop-manual-endless av-default-height-applied   avia-slideshow-1' data-slideshow-options=\"{&quot;animation&quot;:&quot;slide&quot;,&quot;autoplay&quot;:false,&quot;loop_autoplay&quot;:&quot;once&quot;,&quot;interval&quot;:5,&quot;loop_manual&quot;:&quot;manual-endless&quot;,&quot;autoplay_stopper&quot;:false,&quot;noNavigation&quot;:false,&quot;bg_slider&quot;:false,&quot;keep_padding&quot;:false,&quot;hoverpause&quot;:false,&quot;show_slide_delay&quot;:0}\"  itemprop=\"image\" itemscope=\"itemscope\" itemtype=\"https:\/\/schema.org\/ImageObject\" ><ul class='avia-slideshow-inner ' style='padding-bottom: 28.666666666667%;'><li  class='avia-slideshow-slide av-milnq8vn-7ec2a3db072297a4eb012aec002b0f09__0  av-single-slide slide-1 slide-odd'><div data-rel='slideshow-1' class='avia-slide-wrap '   ><img decoding=\"async\" fetchpriority=\"high\" class=\"wp-image-20 avia-img-lazy-loading-not-20\"  src=\"https:\/\/xn--zns-sdhessen-hlb.de\/wp-content\/uploads\/2025\/11\/Suedhessen_red_II-1500x430.jpg\" width=\"1500\" height=\"430\" title='Suedhessen_red_II' alt=''  itemprop=\"thumbnailUrl\"   \/><\/div><\/li><\/ul><\/div><\/div><div id='after_full_slider_1'  class='main_color av_default_container_wrap container_wrap fullsize'  ><div class='container av-section-cont-open' ><div class='template-page content  av-content-full alpha units'><div class='post-entry post-entry-type-page post-entry-33'><div class='entry-content-wrapper clearfix'>\n\n<style type=\"text\/css\" data-created_by=\"avia_inline_auto\" id=\"style-css-av-milns1pr-3e02199e52a5c495024045e6790221f4\">\n#top .hr.av-milns1pr-3e02199e52a5c495024045e6790221f4{\nmargin-top:15px;\nmargin-bottom:30px;\n}\n.hr.av-milns1pr-3e02199e52a5c495024045e6790221f4 .hr-inner{\nwidth:150px;\nborder-color:#ffffff;\n}\n<\/style>\n<div  class='hr av-milns1pr-3e02199e52a5c495024045e6790221f4 hr-custom  avia-builder-el-1  el_after_av_slideshow_full  el_before_av_heading  avia-builder-el-first  hr-center hr-icon-no'><span class='hr-inner inner-border-av-border-thin'><span class=\"hr-inner-style\"><\/span><\/span><\/div>\n\n<style type=\"text\/css\" data-created_by=\"avia_inline_auto\" id=\"style-css-av-milnrc8b-bc6cbf2eef9440df918d8d45aab935c2\">\n#top .av-special-heading.av-milnrc8b-bc6cbf2eef9440df918d8d45aab935c2{\npadding-bottom:10px;\ncolor:#d9a5b3;\nfont-size:40px;\n}\nbody .av-special-heading.av-milnrc8b-bc6cbf2eef9440df918d8d45aab935c2 .av-special-heading-tag .heading-char{\nfont-size:25px;\n}\n#top #wrap_all .av-special-heading.av-milnrc8b-bc6cbf2eef9440df918d8d45aab935c2 .av-special-heading-tag{\nfont-size:40px;\n}\n.av-special-heading.av-milnrc8b-bc6cbf2eef9440df918d8d45aab935c2 .special-heading-inner-border{\nborder-color:#d9a5b3;\n}\n.av-special-heading.av-milnrc8b-bc6cbf2eef9440df918d8d45aab935c2 .av-subheading{\nfont-size:15px;\n}\n\n@media only screen and (min-width: 480px) and (max-width: 767px){ \n#top #wrap_all .av-special-heading.av-milnrc8b-bc6cbf2eef9440df918d8d45aab935c2 .av-special-heading-tag{\nfont-size:0.8em;\n}\n}\n\n@media only screen and (max-width: 479px){ \n#top #wrap_all .av-special-heading.av-milnrc8b-bc6cbf2eef9440df918d8d45aab935c2 .av-special-heading-tag{\nfont-size:0.8em;\n}\n}\n<\/style>\n<div  class='av-special-heading av-milnrc8b-bc6cbf2eef9440df918d8d45aab935c2 av-special-heading-h1 custom-color-heading blockquote modern-quote modern-centered  avia-builder-el-2  el_after_av_hr  el_before_av_hr  av-inherit-size'><h1 class='av-special-heading-tag '  itemprop=\"headline\"  >Impressum<\/h1><div class=\"special-heading-border\"><div class=\"special-heading-inner-border\"><\/div><\/div><\/div>\n\n<style type=\"text\/css\" data-created_by=\"avia_inline_auto\" id=\"style-css-av-milnsnuw-db03897448ff99f17a8b723db49cdfe5\">\n#top .hr.av-milnsnuw-db03897448ff99f17a8b723db49cdfe5{\nmargin-top:30px;\nmargin-bottom:45px;\n}\n.hr.av-milnsnuw-db03897448ff99f17a8b723db49cdfe5 .hr-inner{\nwidth:150px;\n}\n<\/style>\n<div  class='hr av-milnsnuw-db03897448ff99f17a8b723db49cdfe5 hr-custom  avia-builder-el-3  el_after_av_heading  el_before_av_hr  hr-center hr-icon-no'><span class='hr-inner inner-border-av-border-thin'><span class=\"hr-inner-style\"><\/span><\/span><\/div>\n\n<style type=\"text\/css\" data-created_by=\"avia_inline_auto\" id=\"style-css-av-milnteim-53aa435f0e03de0e5dcb7a8382e38dd8\">\n#top .hr.av-milnteim-53aa435f0e03de0e5dcb7a8382e38dd8{\nmargin-top:15px;\nmargin-bottom:30px;\n}\n.hr.av-milnteim-53aa435f0e03de0e5dcb7a8382e38dd8 .hr-inner{\nwidth:150px;\nborder-color:#ffffff;\n}\n<\/style>\n<div  class='hr av-milnteim-53aa435f0e03de0e5dcb7a8382e38dd8 hr-custom  avia-builder-el-4  el_after_av_hr  el_before_av_textblock  hr-center hr-icon-no'><span class='hr-inner inner-border-av-border-thin'><span class=\"hr-inner-style\"><\/span><\/span><\/div>\n\n<style type=\"text\/css\" data-created_by=\"avia_inline_auto\" id=\"style-css-av-milnuve7-3cda023071a8dc3d1ec266e179eb7f76\">\n#top .av_textblock_section.av-milnuve7-3cda023071a8dc3d1ec266e179eb7f76 .avia_textblock{\nfont-size:18px;\ncolor:#000000;\n}\n<\/style>\n<section  class='av_textblock_section av-milnuve7-3cda023071a8dc3d1ec266e179eb7f76 '   itemscope=\"itemscope\" itemtype=\"https:\/\/schema.org\/CreativeWork\" ><div class='avia_textblock av_inherit_color'  itemprop=\"text\" ><p>Zentrum f\u00fcr Neurologie und seelische Gesundheit S\u00fcdhessen e.V.<\/p>\n<p>Wilhelm-Leuschner-Stra\u00dfe 6<\/p>\n<p>64347 Griesheim<\/p>\n<p>Fon: +49 6155-87840<\/p>\n<p>Fax: +49 6155-878420<\/p>\n<p>stefan.specht@web.de<\/p>\n<p>v.i.S.d.P. Dr. med. Jan-Philipp Bach (1. Vorsitzender)<\/p>\n<p>eingetragen im Vereinsregister des Amtsgericht Darmstadt unter der Nummer VR 82614<\/p>\n<p>Haftung f\u00fcr Inhalte<\/p>\n<p>Als Dienstanbieter sind wir f\u00fcr eigene Inhalte auf diesen Seiten nach den allgemeinen Gesetzen verantwortlich. Nach \u00a7\u00a7 8 bis 10 TMG sind wir als Dienstanbieter jedoch nicht verpflichtet, \u00fcbermittelte oder gespeicherte fremde Informationen zu \u00fcberwachen oder nach Umst\u00e4nden zu forschen, die auf eine rechtswidrige T\u00e4tigkeit hinweisen. Verpflichtungen zur Entfernung oder Sperrung der Nutzung von Informationen nach den allgemeinen Gesetzen bleiben hiervon unber\u00fchrt. Eine diesbez\u00fcgliche Haftung ist jedoch erst ab dem Zeitpunkt der Kenntnis einer konkreten Rechtsverletzung m\u00f6glich. Bei Bekanntwerden von entsprechenden Rechtsverletzungen werden diese Inhalte umgehend entfernt.<\/p>\n<p>Haftung f\u00fcr Links<\/p>\n<p>Unser Angebot enth\u00e4lt Links zu externen Webseiten Dritter, auf deren Inhalte wir keinen Einfluss haben. Deshalb k\u00f6nnen wir f\u00fcr diese fremden Inhalte auch keine Gew\u00e4hr \u00fcbernehmen. F\u00fcr die Inhalte der verlinkten Seiten ist stets der jeweilige Anbieter oder Betreiber der Seiten verantwortlich. Die verlinkten Seiten wurden zum Zeitpunkt der Verlinkung auf m\u00f6gliche Rechtsverst\u00f6\u00dfe \u00fcberpr\u00fcft. Rechtswidrige Inhalte waren zum Zeitpunkt der Verlinkung nicht erkennbar. Eine permanente inhaltliche Kontrolle der verlinkten Seiten ist jedoch ohne konkrete Anhaltspunkte einer Rechtsverletzung nicht zumutbar. Bei Bekanntwerden von Rechtsverletzungen werden derartige Links umgehend entfernt.<\/p>\n<p>Datenschutzerkl\u00e4rung<\/p>\n<p>Die Nutzung der Angebote und Dienste ist stets ohne Angabe personenbezogener Daten m\u00f6glich.<\/p>\n<p>Wir weisen darauf hin, dass die Daten\u00fcbertragung im Internet (z.B. bei der Kommunikation per E-Mail) Sicherheitsl\u00fccken aufweisen kann. Ein l\u00fcckenloser Schutz der Daten vor dem Zugriff durch Dritte ist nicht m\u00f6glich.<\/p>\n<p>Den Schutz Ihrer pers\u00f6nlichen Daten nehmen wir ernst, auch anl\u00e4sslich Ihres Besuches auf unserer Homepage. Ihre Daten werden so gesch\u00fctzt, wie es die gesetzlichen Vorschriften, insbesondere das neue Telemediengesetz vorsehen. Nachfolgend finden Sie Informationen, welche Daten w\u00e4hrend Ihres Besuches auf der Homepage erfasst und wie diese genutzt werden:<\/p>\n<ol>\n<li>Gespeicherte Daten<\/li>\n<\/ol>\n<p>Unvermeidlich ist, dass in den Serverstatistiken automatisch solche Daten gespeichert werden, die Ihr Browser uns \u00fcbermittelt. Dies sind Browsertyp und Browserversion, das verwendete Betriebssystem, die Referrer URL (die zuvor besuchte Seite), der Hostname des zugreifenden Rechners (IP Adresse) sowie die Uhrzeit der Serveranfrage. Diese Speicherung dient lediglich internen systembezogenen und statistischen Zwecken. Weitergehende Personenbezogene Daten werden nur erfasst, wenn Sie diese Angaben freiwillig, etwa im Rahmen einer Anfrage und der Registrierung, machen. Die oben genannten Daten sind durch uns in der Regel nicht bestimmten Personen zuzuordnen, eine Zusammenf\u00fchrung dieser Daten mit anderen Datenquellen wird nicht vorgenommen.<\/p>\n<ol start=\"2\">\n<li>Nutzung und Weitergabe personenbezogener Daten<\/li>\n<\/ol>\n<p>Soweit Sie uns personenbezogene Daten zur Verf\u00fcgung gestellt haben, verwenden wir diese nur zur Beantwortung Ihrer Anfragen, zur Abwicklung mit uns geschlossener Vertr\u00e4ge und f\u00fcr die technische Administration. Ihre personenbezogenen Daten werden an Dritte nur weitergegeben oder sonst \u00fcbermittelt, wenn dies zum Zwecke der Vertragsabwicklung erforderlich ist, wenn dies zu Abrechnungszwecken erforderlich ist, oder Sie zuvor eingewilligt haben. Sie haben das Recht, eine erteilte Einwilligung mit Wirkung f\u00fcr die Zukunft jederzeit zu widerrufen. Die L\u00f6schung der gespeicherten personenbezogenen Daten erfolgt, wenn Sie Ihre Einwilligung zur Speicherung widerrufen, wenn ihre Kenntnis zur Erf\u00fcllung des mit der Speicherung verfolgten Zwecks nicht mehr erforderlich ist oder wenn ihre Speicherung aus sonstigen gesetzlichen Gr\u00fcnden unzul\u00e4ssig ist.<\/p>\n<ol start=\"3\">\n<li>Auskunftsrecht<\/li>\n<\/ol>\n<p>Gerne geben wir Ihnen Auskunft \u00fcber die bei uns gespeicherten pers\u00f6nlichen Daten, wenn Sie Fragen zur Behandlung Ihrer Daten haben, gen\u00fcgt eine Email.<\/p>\n<\/div><\/section>\n","protected":false},"excerpt":{"rendered":"","protected":false},"author":1,"featured_media":0,"parent":0,"menu_order":0,"comment_status":"closed","ping_status":"closed","template":"","meta":{"footnotes":""},"class_list":["post-33","page","type-page","status-publish","hentry"],"_links":{"self":[{"href":"https:\/\/xn--zns-sdhessen-hlb.de\/index.php?rest_route=\/wp\/v2\/pages\/33","targetHints":{"allow":["GET"]}}],"collection":[{"href":"https:\/\/xn--zns-sdhessen-hlb.de\/index.php?rest_route=\/wp\/v2\/pages"}],"about":[{"href":"https:\/\/xn--zns-sdhessen-hlb.de\/index.php?rest_route=\/wp\/v2\/types\/page"}],"author":[{"embeddable":true,"href":"https:\/\/xn--zns-sdhessen-hlb.de\/index.php?rest_route=\/wp\/v2\/users\/1"}],"replies":[{"embeddable":true,"href":"https:\/\/xn--zns-sdhessen-hlb.de\/index.php?rest_route=%2Fwp%2Fv2%2Fcomments&post=33"}],"version-history":[{"count":5,"href":"https:\/\/xn--zns-sdhessen-hlb.de\/index.php?rest_route=\/wp\/v2\/pages\/33\/revisions"}],"predecessor-version":[{"id":204,"href":"https:\/\/xn--zns-sdhessen-hlb.de\/index.php?rest_route=\/wp\/v2\/pages\/33\/revisions\/204"}],"wp:attachment":[{"href":"https:\/\/xn--zns-sdhessen-hlb.de\/index.php?rest_route=%2Fwp%2Fv2%2Fmedia&parent=33"}],"curies":[{"name":"wp","href":"https:\/\/api.w.org\/{rel}","templated":true}]}}

<div id='full_slider_1'  class='avia-fullwidth-slider main_color avia-shadow   avia-builder-el-0  el_before_av_hr  avia-builder-el-first   container_wrap fullsize'  ><div  class='avia-slideshow av-milnq8vn-7ec2a3db072297a4eb012aec002b0f09 avia-slideshow-featured av_slideshow_full avia-slide-slider av-slideshow-ui av-control-default av-slideshow-manual av-loop-once av-loop-manual-endless av-default-height-applied   avia-slideshow-1' data-slideshow-options="{&quot;animation&quot;:&quot;slide&quot;,&quot;autoplay&quot;:false,&quot;loop_autoplay&quot;:&quot;once&quot;,&quot;interval&quot;:5,&quot;loop_manual&quot;:&quot;manual-endless&quot;,&quot;autoplay_stopper&quot;:false,&quot;noNavigation&quot;:false,&quot;bg_slider&quot;:false,&quot;keep_padding&quot;:false,&quot;hoverpause&quot;:false,&quot;show_slide_delay&quot;:0}"  itemprop="image" itemscope="itemscope" itemtype="https://schema.org/ImageObject" ><ul class='avia-slideshow-inner ' style='padding-bottom: 28.666666666667%;'><li  class='avia-slideshow-slide av-milnq8vn-7ec2a3db072297a4eb012aec002b0f09__0  av-single-slide slide-1 slide-odd'><div data-rel='slideshow-1' class='avia-slide-wrap '   ><img decoding="async" fetchpriority="high" class="wp-image-20 avia-img-lazy-loading-not-20"  src="https://xn--zns-sdhessen-hlb.de/wp-content/uploads/2025/11/Suedhessen_red_II-1500x430.jpg" width="1500" height="430" title='Suedhessen_red_II' alt=''  itemprop="thumbnailUrl"   /></div></li></ul></div></div><div id='after_full_slider_1'  class='main_color av_default_container_wrap container_wrap fullsize'  ><div class='container av-section-cont-open' ><div class='template-page content  av-content-full alpha units'><div class='post-entry post-entry-type-page post-entry-33'><div class='entry-content-wrapper clearfix'>

<style type="text/css" data-created_by="avia_inline_auto" id="style-css-av-milns1pr-3e02199e52a5c495024045e6790221f4">
#top .hr.av-milns1pr-3e02199e52a5c495024045e6790221f4{
margin-top:15px;
margin-bottom:30px;
}
.hr.av-milns1pr-3e02199e52a5c495024045e6790221f4 .hr-inner{
width:150px;
border-color:#ffffff;
}
</style>
<div  class='hr av-milns1pr-3e02199e52a5c495024045e6790221f4 hr-custom  avia-builder-el-1  el_after_av_slideshow_full  el_before_av_heading  avia-builder-el-first  hr-center hr-icon-no'><span class='hr-inner inner-border-av-border-thin'><span class="hr-inner-style"></span></span></div>

<style type="text/css" data-created_by="avia_inline_auto" id="style-css-av-milnrc8b-bc6cbf2eef9440df918d8d45aab935c2">
#top .av-special-heading.av-milnrc8b-bc6cbf2eef9440df918d8d45aab935c2{
padding-bottom:10px;
color:#d9a5b3;
font-size:40px;
}
body .av-special-heading.av-milnrc8b-bc6cbf2eef9440df918d8d45aab935c2 .av-special-heading-tag .heading-char{
font-size:25px;
}
#top #wrap_all .av-special-heading.av-milnrc8b-bc6cbf2eef9440df918d8d45aab935c2 .av-special-heading-tag{
font-size:40px;
}
.av-special-heading.av-milnrc8b-bc6cbf2eef9440df918d8d45aab935c2 .special-heading-inner-border{
border-color:#d9a5b3;
}
.av-special-heading.av-milnrc8b-bc6cbf2eef9440df918d8d45aab935c2 .av-subheading{
font-size:15px;
}

@media only screen and (min-width: 480px) and (max-width: 767px){ 
#top #wrap_all .av-special-heading.av-milnrc8b-bc6cbf2eef9440df918d8d45aab935c2 .av-special-heading-tag{
font-size:0.8em;
}
}

@media only screen and (max-width: 479px){ 
#top #wrap_all .av-special-heading.av-milnrc8b-bc6cbf2eef9440df918d8d45aab935c2 .av-special-heading-tag{
font-size:0.8em;
}
}
</style>
<div  class='av-special-heading av-milnrc8b-bc6cbf2eef9440df918d8d45aab935c2 av-special-heading-h1 custom-color-heading blockquote modern-quote modern-centered  avia-builder-el-2  el_after_av_hr  el_before_av_hr  av-inherit-size'><h1 class='av-special-heading-tag '  itemprop="headline"  >Impressum</h1><div class="special-heading-border"><div class="special-heading-inner-border"></div></div></div>

<style type="text/css" data-created_by="avia_inline_auto" id="style-css-av-milnsnuw-db03897448ff99f17a8b723db49cdfe5">
#top .hr.av-milnsnuw-db03897448ff99f17a8b723db49cdfe5{
margin-top:30px;
margin-bottom:45px;
}
.hr.av-milnsnuw-db03897448ff99f17a8b723db49cdfe5 .hr-inner{
width:150px;
}
</style>
<div  class='hr av-milnsnuw-db03897448ff99f17a8b723db49cdfe5 hr-custom  avia-builder-el-3  el_after_av_heading  el_before_av_hr  hr-center hr-icon-no'><span class='hr-inner inner-border-av-border-thin'><span class="hr-inner-style"></span></span></div>

<style type="text/css" data-created_by="avia_inline_auto" id="style-css-av-milnteim-53aa435f0e03de0e5dcb7a8382e38dd8">
#top .hr.av-milnteim-53aa435f0e03de0e5dcb7a8382e38dd8{
margin-top:15px;
margin-bottom:30px;
}
.hr.av-milnteim-53aa435f0e03de0e5dcb7a8382e38dd8 .hr-inner{
width:150px;
border-color:#ffffff;
}
</style>
<div  class='hr av-milnteim-53aa435f0e03de0e5dcb7a8382e38dd8 hr-custom  avia-builder-el-4  el_after_av_hr  el_before_av_textblock  hr-center hr-icon-no'><span class='hr-inner inner-border-av-border-thin'><span class="hr-inner-style"></span></span></div>

<style type="text/css" data-created_by="avia_inline_auto" id="style-css-av-milnuve7-3cda023071a8dc3d1ec266e179eb7f76">
#top .av_textblock_section.av-milnuve7-3cda023071a8dc3d1ec266e179eb7f76 .avia_textblock{
font-size:18px;
color:#000000;
}
</style>
<section  class='av_textblock_section av-milnuve7-3cda023071a8dc3d1ec266e179eb7f76 '   itemscope="itemscope" itemtype="https://schema.org/CreativeWork" ><div class='avia_textblock av_inherit_color'  itemprop="text" ><p>Zentrum für Neurologie und seelische Gesundheit Südhessen e.V.</p>
<p>Wilhelm-Leuschner-Straße 6</p>
<p>64347 Griesheim</p>
<p>Fon: +49 6155-87840</p>
<p>Fax: +49 6155-878420</p>
<p>stefan.specht@web.de</p>
<p>v.i.S.d.P. Dr. med. Jan-Philipp Bach (1. Vorsitzender)</p>
<p>eingetragen im Vereinsregister des Amtsgericht Darmstadt unter der Nummer VR 82614</p>
<p>Haftung für Inhalte</p>
<p>Als Dienstanbieter sind wir für eigene Inhalte auf diesen Seiten nach den allgemeinen Gesetzen verantwortlich. Nach §§ 8 bis 10 TMG sind wir als Dienstanbieter jedoch nicht verpflichtet, übermittelte oder gespeicherte fremde Informationen zu überwachen oder nach Umständen zu forschen, die auf eine rechtswidrige Tätigkeit hinweisen. Verpflichtungen zur Entfernung oder Sperrung der Nutzung von Informationen nach den allgemeinen Gesetzen bleiben hiervon unberührt. Eine diesbezügliche Haftung ist jedoch erst ab dem Zeitpunkt der Kenntnis einer konkreten Rechtsverletzung möglich. Bei Bekanntwerden von entsprechenden Rechtsverletzungen werden diese Inhalte umgehend entfernt.</p>
<p>Haftung für Links</p>
<p>Unser Angebot enthält Links zu externen Webseiten Dritter, auf deren Inhalte wir keinen Einfluss haben. Deshalb können wir für diese fremden Inhalte auch keine Gewähr übernehmen. Für die Inhalte der verlinkten Seiten ist stets der jeweilige Anbieter oder Betreiber der Seiten verantwortlich. Die verlinkten Seiten wurden zum Zeitpunkt der Verlinkung auf mögliche Rechtsverstöße überprüft. Rechtswidrige Inhalte waren zum Zeitpunkt der Verlinkung nicht erkennbar. Eine permanente inhaltliche Kontrolle der verlinkten Seiten ist jedoch ohne konkrete Anhaltspunkte einer Rechtsverletzung nicht zumutbar. Bei Bekanntwerden von Rechtsverletzungen werden derartige Links umgehend entfernt.</p>
<p>Datenschutzerklärung</p>
<p>Die Nutzung der Angebote und Dienste ist stets ohne Angabe personenbezogener Daten möglich.</p>
<p>Wir weisen darauf hin, dass die Datenübertragung im Internet (z.B. bei der Kommunikation per E-Mail) Sicherheitslücken aufweisen kann. Ein lückenloser Schutz der Daten vor dem Zugriff durch Dritte ist nicht möglich.</p>
<p>Den Schutz Ihrer persönlichen Daten nehmen wir ernst, auch anlässlich Ihres Besuches auf unserer Homepage. Ihre Daten werden so geschützt, wie es die gesetzlichen Vorschriften, insbesondere das neue Telemediengesetz vorsehen. Nachfolgend finden Sie Informationen, welche Daten während Ihres Besuches auf der Homepage erfasst und wie diese genutzt werden:</p>
<ol>
<li>Gespeicherte Daten</li>
</ol>
<p>Unvermeidlich ist, dass in den Serverstatistiken automatisch solche Daten gespeichert werden, die Ihr Browser uns übermittelt. Dies sind Browsertyp und Browserversion, das verwendete Betriebssystem, die Referrer URL (die zuvor besuchte Seite), der Hostname des zugreifenden Rechners (IP Adresse) sowie die Uhrzeit der Serveranfrage. Diese Speicherung dient lediglich internen systembezogenen und statistischen Zwecken. Weitergehende Personenbezogene Daten werden nur erfasst, wenn Sie diese Angaben freiwillig, etwa im Rahmen einer Anfrage und der Registrierung, machen. Die oben genannten Daten sind durch uns in der Regel nicht bestimmten Personen zuzuordnen, eine Zusammenführung dieser Daten mit anderen Datenquellen wird nicht vorgenommen.</p>
<ol start="2">
<li>Nutzung und Weitergabe personenbezogener Daten</li>
</ol>
<p>Soweit Sie uns personenbezogene Daten zur Verfügung gestellt haben, verwenden wir diese nur zur Beantwortung Ihrer Anfragen, zur Abwicklung mit uns geschlossener Verträge und für die technische Administration. Ihre personenbezogenen Daten werden an Dritte nur weitergegeben oder sonst übermittelt, wenn dies zum Zwecke der Vertragsabwicklung erforderlich ist, wenn dies zu Abrechnungszwecken erforderlich ist, oder Sie zuvor eingewilligt haben. Sie haben das Recht, eine erteilte Einwilligung mit Wirkung für die Zukunft jederzeit zu widerrufen. Die Löschung der gespeicherten personenbezogenen Daten erfolgt, wenn Sie Ihre Einwilligung zur Speicherung widerrufen, wenn ihre Kenntnis zur Erfüllung des mit der Speicherung verfolgten Zwecks nicht mehr erforderlich ist oder wenn ihre Speicherung aus sonstigen gesetzlichen Gründen unzulässig ist.</p>
<ol start="3">
<li>Auskunftsrecht</li>
</ol>
<p>Gerne geben wir Ihnen Auskunft über die bei uns gespeicherten persönlichen Daten, wenn Sie Fragen zur Behandlung Ihrer Daten haben, genügt eine Email.</p>
</div></section>
